 t(b) = 30*b + 47. Let x(c) = 2*k(c) + 9*t(c). Calculate x(-4).
-29
Let s(f) = -27*f + 28. Let u be s(6). Let n = 137 + u. Let b(o) = -5*o. Determine b(n).
-15
Let t(k) = -8*k - 5. Suppose -14*c + 6113 - 6197 = 0. Determine t(c).
43
Let o(g) = g**2 - 15*g - 27. Suppose -822 = -27*w - 282. Calculate o(w).
73
Let t(d) = 10*d**2 - 74*d - 3. Let i(s) = 29*s**2 - 247*s - 10. Let x(q) = -3*i(q) + 10*t(q). Let m = -22 + 21. Determine x(m).
12
Let g(v) = -46 + 48*v - 36*v + 22 + 31 + 12 + v**2. Determine g(-5).
-16
Let c(o) = o - 9. Suppose g + 91 = t, -g + 359 = 4*t - 4*g. Let x = t + -84. Let l be ((-3)/x)/(69/(-368)). Calculate c(l).
-1
Let c(d) = 4*d + 1. Let a be c(3). Let n(u) = -u**2 + 5*u - 2. Let y(m) = m**2 - 7*m + 2. Let x(w) = 3*n(w) + 4*y(w). Determine x(a).
2
Let x be -1*(-18)/(1 + 1). Suppose -10*f = -x*f - 1. Let r(k) = -k**2 + 44 - 6*k - 44 + 5*k. Give r(f).
-2
Let o(v) = 0*v + 6*v + 2*v - 4 + 4*v**2 + 2*v. Let y be o(-3). Let j(t) = -t**y + 828*t - 816*t + 0*t**2 - 7. What is j(11)?
4
Let h(y) be the first derivative of y**4/4 + 2*y**3 + y**2/2 + 6*y + 1. Let p be 20/(-3)*(-5)/((-35)/(-21)). Suppose -29 = 4*b + 5*t + p, 2*t = -10. Give h(b).
0
Let w(l) = -5*l**2 + 25*l + 9. Let a(x) = x**2 - 5*x - 2. Let g(m) = -11*a(m) - 2*w(m). Let v(h) = -2*h**2 - 18*h - 10. Let n be v(-8). Calculate g(n).
-2
Suppose 4*o + 3*w = -50, 105*w = -2*o + 104*w - 22. Let y(b) = b**3 + 9*b**2 + b + 11. Calculate y(o).
67
Let z(q) = 2*q**2 + 3*q - 41. Let o be z(14). Suppose o = -8*f + 345. Let g(k) = k**2 + 5*k - 4. Give g(f).
2
Let f(j) be the third derivative of j**5/20 + j**4/12 + j**2. Suppose 4*n + 2 = -5*w - 25, 5*n = 10. Let t be 4 + w*4/14. Calculate f(t).
16
Let u(r) = 5*r**3 - r**2 - r - 15. Let z(d) = -13*d**3 + d**2 + 5*d + 29. Let x(a) = -5*u(a) - 2*z(a). Determine x(-5).
-8
Let z(i) = -13*i + 3*i**2 - 2*i**2 - i + 20*i - 189. Calculate z(11).
-2
Let o(y) be the third derivative of -y**4/12 - y**3/3 - 19*y**2 + y + 2. Give o(-2).
2
Let m be (-204 + 198 - (-14)/2)*6. Suppose -2*f + 8 - 4 = 0. Let z(l) = l**2 - 2*l**f - l**3 - 8*l + 8*l**2. Calculate z(m).
-12
Let i = -1041 + 667. Let p = i - -373. Let z(s) = 2*s**3 + s**2 - 1. Calculate z(p).
-2
Suppose 10*l + 136 = 12*l. Let k = l - 53. Suppose 0 = -q - k + 7. Let c(g) = g**2 + 8*g + 11. What is c(q)?
11
Let w(a) = a**2 - 2*a - 2. Let n(f) = 2*f**2 - f - 4. Let i be (21/12)/(31/(-124)). Let s(l) = i*w(l) + 4*n(l). Give s(-11).
9
Let q(v) = 2*v - 8. Let m = 36 - 33. Let t be (m - 1) + (0 - 0). Suppose 4 = w - t. What is q(w)?
4
Suppose 23*z - 6*z = 51. Let k(p) = p - 3*p - z*p**2 - 3*p + 3*p + 2*p**3. Give k(3).
21
Let c(x) = -3*x**2 - 11*x - 27. Let h(y) = 2*y**2 + 5*y + 18. Let r(u) = -6*c(u) - 10*h(u). Determine r(6).
6
Suppose 149*m + 1218 = -25*m. Let c(y) = y. Let d(q) = q**2 + 2*q + 6. Let v(g) = 5*c(g) + d(g). Give v(m).
6
Suppose 12 = 3*b - 6. Let i(q) = -q + 4. Let n be i(4). Suppose n = -5*r + 3*r + b. Let h(u) = 3*u + 1. Calculate h(r).
10
Let o = 34931 - 34936. Let m(k) = -17*k - 13. Determine m(o).
72
Suppose 0 = 3*d + 2*d + 5*p + 50, 2*p = -12. Let u(t) = -16*t - 83. Give u(d).
-19
Let j(o) = 3*o**2 - o. Let z(m) be the second derivative of m**4/2 - m**3/6 - m**2/2 + 2*m + 15. Let q(f) = 7*j(f) - 4*z(f). Determine q(-3).
-14
Suppose 2*b - 6*b = 5*m - 23, 2*b + 3*m = 13. Let c(v) = -19*v + b + 35*v - 19*v. Give c(1).
-1
Let b = -175 - -189. Let f be -16 + b - 3/(-1)*3. Let h(l) = 2*l**2 - 10*l. Determine h(f).
28
Let l(s) = -s**3 - 10*s**2 - 2*s - 15. Let q be ((-6)/(-8))/((-8)/(-3584)*7). Suppose -q*w + 50*w = -20. Determine l(w).
5
Let v(p) = 3*p - 14. Let l be 3*((0 - 0) + -1). Let k(c) be the first derivative of c**2 - 13*c - 106. Let f(o) = l*v(o) + 4*k(o). Calculate f(-6).
-4
Let m = 5 + -2. Let k(u) = -u**2 + u - 4*u - m*u - 1 + 4*u. Determine k(-1).
0
Let m(w) = -w**3 - w**2 + 8*w + 11. Let l be m(-3). Let z(s) = -9 - 15*s - l*s**2 + 9*s + 16*s + 4*s**2. Give z(8).
7
Let q(l) be the second derivative of -l**6/120 - l**5/60 + l**3/6 + 239*l**2/2 + 50*l. Let y(d) be the first derivative of q(d). What is y(1)?
-1
Let q = 491 - 488. Let t(w) = 0*w**q + 31*w + w**3 - w**2 - 1 - 1 - 29*w - 4*w**2. Give t(5).
8
Let q be 12/(-16) + 30/8. Let l be -3 + q + 2 + -7. Let b(n) = -6*n - 1 + n + 4*n. Calculate b(l).
4
Suppose -123*o = -47*o + 456. Let v(m) = -m - 12. Determine v(o).
-6
Let h be ((-12)/(-6))/(-4 + 2). Let x be 2 + (4 + h - (-3)/(-1)). Let y(l) = -2*l**2 + 6*l**x - 6*l**2 - 1 - 3*l**2. Calculate y(-1).
-6
Let y(v) = -7*v**2 - 3*v**2 - 11 - v**3 - 3*v + 2*v**2. Suppose -4*i = i, g - 8*i + 8 = -3*i. What is y(g)?
13
Let p(b) be the first derivative of -b - 2*b**2 + 158 + 1/3*b**3. Calculate p(4).
-1
Let a(w) = 12*w + 306. Let g be a(-26). Let i(n) be the second derivative of -n**5/20 - 7*n**4/12 - 5*n**3/6 + 7*n**2/2 + 4*n. What is i(g)?
1
Let m(h) be the first derivative of -78 + 1/3*h**3 - 20*h - 11*h**2. Give m(23).
3
Let j(g) = -g**3 - g + 14. Let u(i) = -7*i - 26. Let p be u(-4). Let d be 5 + ((-96)/(-42) - p/7). Suppose -3*l = -0*l - d*l. Determine j(l).
14
Suppose 5*p = 5*v - 5, -4*p - 3 - 4 = -5*v. Let r(o) = -o**2 - 2 + 122*o + 4 + 2*o**2 + p*o**3 - 123*o. Calculate r(-2).
-8
Let d(n) = -n**3 + 8*n**2 - 7*n - 9. Let i = -10251 + 10259. Calculate d(i).
-65
Let x(n) = n**3 - 3*n**2 - 10*n + 3. Let c(k) = k**3 - 4*k**2 - 10*k + 3. Let w be 20/(-8)*(126/(-30) + 5). Let f(o) = w*x(o) + 3*c(o). Determine f(7).
-18
Let v be ((-96)/20)/((-2)/5). Let t(k) = 6*k - 3 + 7 + 13 + 7*k - k**2 - 2*k. Calculate t(v).
5
Let n(k) = -6*k**2 - 9*k**2 - 757 + k**3 + 753. What is n(15)?
-4
Let m(p) be the second derivative of -p**7/504 - p**6/360 + p**5/40 - 11*p**4/12 - 7*p. Let i(k) be the third derivative of m(k). Give i(-3).
-36
Let w = -234 - -236. Let s(a) = -6*a**3 - 29*a**2 + 19*a + 47. Let x(c) = -c**3 - 6*c**2 + 4*c + 9. Let r(t) = w*s(t) - 11*x(t). Determine r(7).
2
Let s(b) = -b**3 + 4*b**2 + 8*b - 14. Let l be s(5). Suppose 13*d - 16*d + 36 = 0. Let k(y) = 8*y + d*y - 19*y. What is k(l)?
1
Let h(a) = -a**2 - 5*a - 5. Suppose 0 = -t + 5, 3*w + 2*w - 5*t + 30 = 0. Let o be (4 - 7) + (-1 - w - -1). Let y be (((-12)/18)/(-1))/(o/12). Give h(y).
-1
Let a(q) be the first derivative of -q - 33 - 1/4*q**4 + 1/2*q**2 + q**3. Calculate a(3).
2
Let t(h) = 10*h - h**2 - 5 + 60 + 19 + 5 - 35*h. What is t(3)?
-5
Suppose 15*t - 630 + 600 = 0. Let y(f) = -2*f**3 - f + 6. Give y(t).
-12
Let h be 4/(-14) + 9/7. Let k(v) be the second derivative of -v**6/720 + v**5/120 + 79*v**4/12 + 70*v. Let o(x) be the third derivative of k(x). Determine o(h).
0
Let y(x) = -x**2 - 1 + 0*x**2 + 0*x**2 + 4*x + 0. Suppose -5*m = 5*q - 10, -3*q - 10 = -5*q + 4*m. Suppose -3*z - 15 + q = -3*s, z + 19 = 4*s. Determine y(s).
-6
Let l(f) = -8*f - 120. Let y(s) = 15*s**2 - 478*s - 77. Let z be y(32). What is l(z)?
-16
Let f(m) = -m**3 - 10*m**2 + 13*m - 4. Suppose -2*l = -11*i + 6*i + 155, -3*i - 2*l + 109 = 0. Suppose 0 = 360*b - 363*b - i. Determine f(b).
-26
Let k = 696 - 690. Let m(a) be the second derivative of 0 + 1/6*a**4 - 2/3*a**3 + a**2 - k*a. Give m(2).
2
Let j(u) = -10*u**2 + 4*u - 1. Let c(i) = -19*i**2 + 9*i - 6. Let x(z) = 4*c(z) - 7*j(z). Determine x(3).
-47
Suppose 204*z - 24 = 192*z. Let r(x) = 3*x**z - 19 - 4*x**2 + 41 + 8*x - 19. Calculate r(4).
19
Let w(u) be the first derivative of u**4/4 - 2*u**3 - 4*u + 212. Let j(d) = d**2 - 13*d + 28. Let s be j(11). Determine w(s).
-4
Let r(l) = l**3 + 8*l**2 - 7*l - 5. Let b(x) be the first derivative of -x**4/4 - 7*x**3/3 + 5*x**2/2 + 5*x + 163. Let v(f) = 4*b(f) + 3*r(f). What is v(-4)?
9
Let l(d) = -d**2 + d - 8. Let w be (-2)/(-8) - 6/(-24)*23. Suppose -2*g - w*x - 4 = -3*x, -3*g - x + 8 = 0. Suppose g*r + 12 = 12. Give l(r).
-8
Let t be 1/(0 + (3 - 2)). Suppose 2*u - 11 = t. Let m(a) be the third derivative of a**4/24 - 11*a**3/6 - 725*a**2. Determine m(u).
-5
Let f(u) = -28*u + 152. Let x(r) = -12*r + 63. Let d(w) = -7*f(w) + 16*x(w). What is d(12)?
-8
Let t(a) = -33*a**2 - 3 - a + 34*a**2 + 2*a + 2 + 3. Calculate t(2).
8
Let k(c) = 6*c**2 + c. Let q(v) = -27*v**2 + 31*v - 27. Let z(x) = 5*k(x) + q(x). Determine z(-13).
12
Let v be ((-1)/42)/(7/(-49)). Let h(j) be the third derivative of 12*j**2 + 0*j - 5/24*j**4 + 1/60*j**5 + 0 - v*j**3. Give 